q + 9. Let b be t(p). Suppose -b*s - 2*s = -110. What is the units digit of s?
2
What is the units digit of (-16)/24*(-1434)/4?
9
Let o be (-5)/2*68/(-85). Suppose -5*y = -n - 19, -y - 2*n = -6*y + 18. Suppose -3*h + y*k = o*h - 93, 91 = 5*h - 3*k. What is the units digit of h?
7
Let m(r) = 35*r**2 - r - 3. Let t be m(2). Suppose 2*o - t = -o. What is the units digit of o?
5
Let t(z) = 2*z**2 + 6*z + 4. Let f be t(-8). What is the units digit of (0 + f/(-8) - -3)*-2?
5
Let y(v) = -280*v - 8. What is the units digit of y(-1)?
2
Let d(a) = a**3 + 2*a**2 + 7*a + 1. Let v(z) = z**3 + z**2 + 8*z. Let u(m) = 4*d(m) - 3*v(m). What is the tens digit of u(-3)?
1
Let j(w) = -12 + 12 - 8*w**2 - w**3 - w**2 - 2*w. Suppose 2*h = 5*s - 28, h - s + 4 = -7. What is the tens digit of j(h)?
1
Suppose -5*c - 187 = -3*p + 2*p, -5*p + 3*c = -913. What is the tens digit of p?
8
Suppose -15574 = 107*t - 230644. What is the hundreds digit of t?
0
Let n(f) = -3*f**2 - 5*f. Let p be n(-4). Let w = p + 78. Suppose 0 = -o - 4*o + w. What is the units digit of o?
0
What is the hundreds digit of (25/(1250/(-10380)))/((-3)/10)?
6
Let x(a) = -a**2 - 14*a - 11. Suppose -3*q = 3*v + 36, 0 = -3*v - 5*q + q - 36. What is the units digit of x(v)?
3
Suppose -3*i = 5*a - 1942 - 7842, 2*i + 3*a - 6521 = 0. What is the hundreds digit of i?
2
Suppose -4*d + d = -216. Suppose -9*t = -5*t - d. What is the units digit of t?
8
Suppose -4*c = 2*q - 1668, 2*c - 840 = -0*c - 4*q. What is the tens digit of c?
1
Let l(p) = -13*p**3 - 28*p**2 - 32*p - 12. What is the units digit of l(-7)?
9
Suppose -3096 = 2*x - 8*x. What is the units digit of x?
6
Let q be 1*20*22/55. Let d = 3 + -1. What is the units digit of q + (0/1 - d)?
6
Let w(m) = 14*m**2 - 29*m - 13. What is the units digit of w(-12)?
1
Let c(x) = 15*x**2 + 30*x + 148. What is the tens digit of c(-5)?
7
Suppose 4*b + 20 = -4*h, -2*b = 2*b + 3*h + 18. Let o = -2 + b. What is the tens digit of 1 + o + 3 + 12?
1
Suppose -5*l - 43 = -168. Suppose 10 = -2*y, -l = -f - 3*f + 5*y. What is the units digit of f/(6/(-3)) - -40?
0
Suppose -3*h + 0*h + 15 = 0. Suppose -15 = -3*z - 2*p + 431, -177 = -z + h*p. What is the units digit of z/28 + 4/7?
6
Let x(t) = -t**3 - 17*t**2 - 5*t + 22. What is the units digit of x(-17)?
7
Suppose -16*p - 5*w - 402 = -18*p, 4*p - 3*w - 790 = 0. What is the units digit of p?
6
Let y(j) = -j**2 - 3*j - 2. Let n be (0 - (0 + -2))*-1. Let m be y(n). Suppose -4*k + 0*f - 4*f + 124 = m, 2*f = 4*k - 118. What is the tens digit of k?
3
Let h(n) = 40*n - 193. What is the units digit of h(14)?
7
Suppose 0 = -4*i - 0*i + 2*p + 5038, 3*p = -3*i + 3792. What is the tens digit of i?
6
Let p(h) = -64*h**3 + 2*h**2 - 10*h - 23. What is the tens digit of p(-3)?
5
Let z(n) = n**2 - 14*n + 2. Let y be z(14). Let l be 0 - (1 - y)*16. Let o = -9 + l. What is the units digit of o?
7
Let t = -50 - -54. What is the tens digit of (-74)/(-3) - (32/12)/t?
2
Suppose 5*d + 3*b - 16368 = 0, 3*d - 12*b + 14*b - 9820 = 0. What is the hundreds digit of d?
2
Suppose 110 = -v - 50. What is the units digit of -4 - (v - 0)/2?
6
Let v be (-6 + 0 - -2)*(-3)/12. Let x(p) = -p**3 - 4*p**2 + 7*p + 2. Let j be x(-5). What is the units digit of -3 + j/(-3 + v)?
1
Suppose 3*r + 73 - 16 = 3*x, -3*r - 39 = -2*x. Let y(a) = a**3 - 6*a**2 - 16*a + 72. Let w be y(7). Let u = x - w. What is the units digit of u?
9
Let t(i) = 12*i + 6. Suppose 0*w + 4*l - 14 = -3*w, -2*l = -2*w + 14. What is the units digit of t(w)?
8
Let b(j) = -354*j - 33. What is the thousands digit of b(-3)?
1
Let n(l) = l**3 + l**2 + 2*l + 5. Let x be n(0). Let u = x - 10. What is the units digit of 11/(2 + u/3)?
3
Let y be (-12)/54 - (-52)/(-9). Let m be (-1463)/(-6) - 1/y. Suppose -10 = -5*p, -m = -2*r - 2*r + 4*p. What is the tens digit of r?
6
Suppose 4*o + 3*q - 8 = 0, -41 = -5*o + 4*q - 0. Let j = o - 5. Suppose j = -4*p - 2*s - 28 + 96, -5*p - 4*s = -82. What is the tens digit of p?
1
Suppose -10*o = -2 - 2138. What is the hundreds digit of o?
2
Let w(d) = d + 9. Let g be w(-8). Suppose n - g - 20 = 0. What is the tens digit of n?
2
Let m(r) = 13*r**2 - 23*r + 118. What is the tens digit of m(7)?
9
Let j(s) = 1782*s - 1125. What is the hundreds digit of j(4)?
0
Let v(u) = -2*u**2 + 1. Let t be v(4). Suppose 6*a + 62 = 98. Let m = a - t. What is the tens digit of m?
3
Let v = -43 + 67. What is the units digit of (32/(-48))/(-1 + 22/v)?
8
Let q(j) be the first derivative of -j**4/4 - 4*j**3/3 + j**2 + 9. What is the units digit of q(-5)?
5
Let m(o) = 8*o**3 + 4*o**2 - 20*o + 135. What is the hundreds digit of m(6)?
8
Let a be 5 - (4 - (-3 - -3)). What is the units digit of (12 - (-8)/(-4))/(a/2)?
0
Let l be (-936)/27*7/((-21)/54). Suppose -l = -t - 7*t. What is the tens digit of t?
7
Let b(s) = s**3 - 8*s**2 - s + 27. Let v(z) = 2*z - 7. Let d be v(8). What is the units digit of b(d)?
9
Let t = 26 + -56. Let n = t - -86. Suppose 5*j = -w + 150, 5*w + n = 2*j - j. What is the tens digit of j?
3
Let h(s) = -5 - 9*s**2 - 4*s + 1 - s**3 - 3 - s**2. What is the units digit of h(-11)?
8
Let a(s) = 39*s + 24. What is the tens digit of a(12)?
9
Let p(f) = -9*f + 427. What is the units digit of p(27)?
4
Let d = 243 + -140. Suppose -d = -4*t + 201. What is the tens digit of t?
7
Let w(u) = 11 + 0*u**2 + 2*u**2 + 9*u - 11*u**2 + u**3. Let b be (-15)/(-2) - 1/(-2). What is the tens digit of w(b)?
1
What is the tens digit of (-5)/(-20) + ((-3758)/(-8) - -2)?
7
Suppose 4*t - 66 = t. Suppose -x - t + 9 = 0. Let o = x + 61. What is the units digit of o?
8
Suppose 0 = -3*p - 3*m + 6, -p - 2*m + 0 = -1. Let g be (-6)/(-2) - (p + -2). Suppose -g*c + 22 = -0*c. What is the units digit of c?
1
Suppose 16*t - 137 = 167. Let l(q) = -q - 1. Let y be l(-4). Suppose y = 2*w - t. What is the tens digit of w?
1
Let d(p) = 124 + 26*p + 5*p - 147. What is the tens digit of d(4)?
0
Suppose -2*o + 3*n + 27 = -o, 4*n + 146 = 5*o. What is the units digit of o?
0
Let c = -32 - -57. Suppose s = 13 + c. What is the tens digit of s?
3
Suppose 5*c - 3*z + 6*z - 1083 = 0, -645 = -3*c + 3*z. Suppose -b = -4*b + c. What is the tens digit of b?
7
Let f = -2 + 24. What is the units digit of (-2416)/(-22) - (-4)/f?
0
Suppose 5 + 5 = 2*k + 2*a, -5*a + 1 = -k. Suppose -v + 41 = -k*x, 0 = -4*x - v - 2*v - 21. Let c(p) = p**3 + 10*p**2 + 8*p + 6. What is the tens digit of c(x)?
1
What is the tens digit of 3250 + 4 + (-14 - -6)?
4
Let h(j) = j**3 - 25*j**2 - 28*j + 54. Let o be h(26). Let q be 7/2 - (-1)/2. Suppose o*l = l + q. What is the units digit of l?
4
Let a = -12 - -17. Let h = -2 + 2. Suppose -a*w + 45 = -h*w. What is the units digit of w?
9
Suppose 4*n = -j + 1209, -7*j + 5 = -2*j. Suppose 3*r + o = 68 + 153, -5*o = 4*r - n. What is the tens digit of r?
7
Let i = 1826 + -1081. What is the hundreds digit of i?
7
What is the hundreds digit of (-2)/(-5) + 247520/200?
2
Let y = 58 - 55. Suppose -y*v = -54 - 135. What is the units digit of v?
3
Let y be 1*(2 - 0) - 0. Suppose 3*u = 8*u + 2*g + 4, u + 3*g - 7 = 0. What is the units digit of 1*u*(y + -3)?
2
Let k(p) = 516*p**2 - 4*p - 3. What is the hundreds digit of k(-1)?
5
What is the tens digit of 5797 + -56 - (-4)/(-1)?
3
Let p = -24 + 25. Let u be 0 + (1 - 3)/1. What is the units digit of p - u - (-2 + -26)?
1
Let x(o) = 3*o - 10. Let t be x(10). Let v = t - -2. Let d = v + -9. What is the units digit of d?
3
Suppose -i = -3*t - 3*i + 41, 5*t - 66 = -i. Let n(m) = -m**2 - 27*m - 22. Let y be n(-26). What is the tens digit of (t + y)/((-1)/(-1))?
1
Let x = -222 - -518. What is the tens digit of x?
9
Suppose -q + 1 - 7 = 2*i, -3*q = -4*i + 8. What is the hundreds digit of 486/(-2 - -5) - i?
1
Suppose 2 = -2*l + 4*w - 24, 0 = -2*l - 3*w - 5. Let a = 10 + l. Suppose 35 = a*q - 4*n, -2*q + 20 + 4 = -3*n. What is the units digit of q?
9
Suppose -1118 + 14 = -3*y. What is the units digit of y?
8
Suppose -7*r - 18 + 60 = 0. What is the tens digit of (r - 2) + (-6)/2 - -59?
6
What is the units digit of (9702/(-36))/(1*2/(-4))?
9
Suppose 0 = 2*z - 3*z + 53. Suppose y - 2*b = z, -4*y - 5*b + 208 = -43. What is the units digit of y?
9
Let k(y) = y**3 - 6*y**2 - 3*y + 19. Let g be k(8). What is the units digit of ((0 + 1)*g)/((-21)/(-14))?
2
Suppose -3*d = -69 - 303. What is the tens di